{"id":180,"date":"2023-06-07T14:27:32","date_gmt":"2023-06-07T17:27:32","guid":{"rendered":"https:\/\/flexitub.nextwayhost.com\/?page_id=180"},"modified":"2023-06-07T14:29:32","modified_gmt":"2023-06-07T17:29:32","slug":"conector-de-polipropileno","status":"publish","type":"page","link":"https:\/\/flexitub.com.ar\/index.php\/conector-de-polipropileno\/","title":{"rendered":"Conector de Polipropileno"},"content":{"rendered":"\t\t<div data-elementor-type=\"wp-page\" data-elementor-id=\"180\" class=\"elementor elementor-180\" data-elementor-post-type=\"page\">\n\t\t\t\t\t\t<section class=\"elementor-section elementor-top-section elementor-element elementor-element-ab28694 elementor-section-boxed elementor-section-height-default elementor-section-height-default\" data-id=\"ab28694\" data-element_type=\"section\" data-e-type=\"section\">\n\t\t\t\t\t\t<div class=\"elementor-container elementor-column-gap-default\">\n\t\t\t\t\t<div class=\"elementor-column elementor-col-50 elementor-top-column elementor-element elementor-element-e8892ca\" data-id=\"e8892ca\" data-element_type=\"column\" data-e-type=\"column\">\n\t\t\t<div class=\"elementor-widget-wrap elementor-element-populated\">\n\t\t\t\t\t\t<div class=\"elementor-element elementor-element-32666ce elementor-widget elementor-widget-heading\" data-id=\"32666ce\" data-element_type=\"widget\" data-e-type=\"widget\" data-widget_type=\"heading.default\">\n\t\t\t\t<div class=\"elementor-widget-container\">\n\t\t\t\t\t<h2 class=\"elementor-heading-title elementor-size-default\">Conector de polipropileno, incluye rosca el\u00e9ctrica con tuerca<\/h2>\t\t\t\t<\/div>\n\t\t\t\t<\/div>\n\t\t\t\t<div class=\"elementor-element elementor-element-53cb151 elementor-widget elementor-widget-text-editor\" data-id=\"53cb151\" data-element_type=\"widget\" data-e-type=\"widget\" data-widget_type=\"text-editor.default\">\n\t\t\t\t<div class=\"elementor-widget-container\">\n\t\t\t\t\t\t\t\t\t<p>Construidos en polipropileno o aluminio con rosca el\u00e9ctrica y tuercas incluidas. Se utilizan para conectar los ca\u00f1os flexibles Flexitub a cajas y tableros el\u00e9ctricos.<br \/>Estos conectores est\u00e1n realizados con materiales de primera calidad y con una robustez que los hacen muy confiables al momento de su instalaci\u00f3n.<\/p>\t\t\t\t\t\t\t\t<\/div>\n\t\t\t\t<\/div>\n\t\t\t\t<div class=\"elementor-element elementor-element-bc1957b elementor-widget elementor-widget-html\" data-id=\"bc1957b\" data-element_type=\"widget\" data-e-type=\"widget\" data-widget_type=\"html.default\">\n\t\t\t\t<div class=\"elementor-widget-container\">\n\t\t\t\t\t<table class=\"uk-table uk-table-striped uk-table-condensed uk-table-hover\">\r\n                    <thead>\r\n                        <tr>\r\n                            <th>Articulo<\/th>\r\n                            <th>\t\r\nMedidas el\u00e9ctricas<\/th>\r\n                            <th>Envase (m. x rollo)<\/th>\r\n                        <\/tr>\r\n                    <\/thead>\r\n                    <tbody>\r\n                        <tr>\r\n                          <td>0800\/1<\/td>\r\n                          <td>1\/2\"<\/td>\r\n                          <td>30 Unid.<\/td>\r\n                        <\/tr>\r\n                        <tr>\r\n                          <td>0800\/2<\/td>\r\n                          <td>5\/8\"<\/td>\r\n                          <td>30 Unid.<\/td>\r\n                        <\/tr>\r\n                        <tr>\r\n                          <td>0800\/3<\/td>\r\n                          <td>3\/4\"<\/td>\r\n                          <td>30 Unid.<\/td>\r\n                        <\/tr>\r\n                        <tr>\r\n                          <td>0800\/4<\/td>\r\n                          <td>7\/8\"<\/td>\r\n                          <td>20 Unid.<\/td>\r\n                        <\/tr>\r\n                        <tr>\r\n                          <td>0800\/5<\/td>\r\n                          <td>1\"<\/td>\r\n                          <td>20 Unid.<\/td>\r\n                        <\/tr>\r\n                        <tr>\r\n                          <td>0800\/6<\/td>\r\n                          <td>1 1\/4\"<\/td>\r\n                          <td>10 Unid.<\/td>\r\n                      <\/tr>\r\n                        <tr>\r\n                            <td>0800\/7<\/td>\r\n                            <td>1 1\/2\"<\/td>\r\n                            <td>10 Unid.<\/td>\r\n                      <\/tr>\r\n                        <tr>\r\n                            <td>0800\/9<\/td>\r\n                            <td>2\"<\/td>\r\n                            <td>6 Unid.<\/td>\r\n                      <\/tr>\r\n                    <\/tbody>\r\n                <\/table>\t\t\t\t<\/div>\n\t\t\t\t<\/div>\n\t\t\t\t\t<\/div>\n\t\t<\/div>\n\t\t\t\t<div class=\"elementor-column elementor-col-50 elementor-top-column elementor-element elementor-element-901562f\" data-id=\"901562f\" data-element_type=\"column\" data-e-type=\"column\">\n\t\t\t<div class=\"elementor-widget-wrap elementor-element-populated\">\n\t\t\t\t\t\t<div class=\"elementor-element elementor-element-e2e7df9 e-transform elementor-widget elementor-widget-image\" data-id=\"e2e7df9\" data-element_type=\"widget\" data-e-type=\"widget\" data-settings=\"{&quot;_animation&quot;:&quot;none&quot;,&quot;_transform_rotateZ_effect_hover&quot;:{&quot;unit&quot;:&quot;px&quot;,&quot;size&quot;:&quot;&quot;,&quot;sizes&quot;:[]},&quot;_transform_rotateZ_effect_hover_tablet&quot;:{&quot;unit&quot;:&quot;deg&quot;,&quot;size&quot;:&quot;&quot;,&quot;sizes&quot;:[]},&quot;_transform_rotateZ_effect_hover_mobile&quot;:{&quot;unit&quot;:&quot;deg&quot;,&quot;size&quot;:&quot;&quot;,&quot;sizes&quot;:[]}}\" data-widget_type=\"image.default\">\n\t\t\t\t<div class=\"elementor-widget-container\">\n\t\t\t\t\t\t\t\t\t\t\t\t\t\t\t<img fetchpriority=\"high\" decoding=\"async\" width=\"300\" height=\"225\" src=\"https:\/\/flexitub.com.ar\n\/wp-content\/uploads\/2023\/06\/conect-1-300x225.jpg\" class=\"attachment-medium size-medium wp-image-182\" alt=\"\" srcset=\"https:\/\/flexitub.com.ar\n\/wp-content\/uploads\/2023\/06\/conect-1-300x225.jpg 300w, https:\/\/flexitub.com.ar\n\/wp-content\/uploads\/2023\/06\/conect-1-768x576.jpg 768w, https:\/\/flexitub.com.ar\n\/wp-content\/uploads\/2023\/06\/conect-1.jpg 800w\" sizes=\"(max-width: 300px) 100vw, 300px\" \/>\t\t\t\t\t\t\t\t\t\t\t\t\t\t\t<\/div>\n\t\t\t\t<\/div>\n\t\t\t\t<div class=\"elementor-element elementor-element-5b635c5 elementor-widget elementor-widget-image\" data-id=\"5b635c5\" data-element_type=\"widget\" data-e-type=\"widget\" data-widget_type=\"image.default\">\n\t\t\t\t<div class=\"elementor-widget-container\">\n\t\t\t\t\t\t\t\t\t\t\t\t\t\t\t<img decoding=\"async\" width=\"300\" height=\"225\" src=\"https:\/\/flexitub.com.ar\n\/wp-content\/uploads\/2023\/06\/conectplas1-300x225.jpg\" class=\"attachment-medium size-medium wp-image-183\" alt=\"\" srcset=\"https:\/\/flexitub.com.ar\n\/wp-content\/uploads\/2023\/06\/conectplas1-300x225.jpg 300w, https:\/\/flexitub.com.ar\n\/wp-content\/uploads\/2023\/06\/conectplas1-768x576.jpg 768w, https:\/\/flexitub.com.ar\n\/wp-content\/uploads\/2023\/06\/conectplas1.jpg 800w\" sizes=\"(max-width: 300px) 100vw, 300px\" \/>\t\t\t\t\t\t\t\t\t\t\t\t\t\t\t<\/div>\n\t\t\t\t<\/div>\n\t\t\t\t<div class=\"elementor-element elementor-element-c756673 elementor-widget elementor-widget-image\" data-id=\"c756673\" data-element_type=\"widget\" data-e-type=\"widget\" data-widget_type=\"image.default\">\n\t\t\t\t<div class=\"elementor-widget-container\">\n\t\t\t\t\t\t\t\t\t\t\t\t\t\t\t<img decoding=\"async\" width=\"300\" height=\"225\" src=\"https:\/\/flexitub.com.ar\n\/wp-content\/uploads\/2023\/06\/conectplas3-300x225.jpg\" class=\"attachment-medium size-medium wp-image-184\" alt=\"\" srcset=\"https:\/\/flexitub.com.ar\n\/wp-content\/uploads\/2023\/06\/conectplas3-300x225.jpg 300w, https:\/\/flexitub.com.ar\n\/wp-content\/uploads\/2023\/06\/conectplas3-768x576.jpg 768w, https:\/\/flexitub.com.ar\n\/wp-content\/uploads\/2023\/06\/conectplas3.jpg 800w\" sizes=\"(max-width: 300px) 100vw, 300px\" \/>\t\t\t\t\t\t\t\t\t\t\t\t\t\t\t<\/div>\n\t\t\t\t<\/div>\n\t\t\t\t\t<\/div>\n\t\t<\/div>\n\t\t\t\t\t<\/div>\n\t\t<\/section>\n\t\t\t\t<\/div>\n\t\t","protected":false},"excerpt":{"rendered":"<p>Conector de polipropileno, incluye rosca el\u00e9ctrica con tuerca Construidos en polipropileno o aluminio con rosca el\u00e9ctrica y tuercas incluidas. Se utilizan para conectar los ca\u00f1os flexibles Flexitub a cajas y tableros el\u00e9ctricos.Estos conectores est\u00e1n realizados con materiales de primera calidad y con una robustez que los hacen muy confiables al momento de su instalaci\u00f3n. Articulo [&hellip;]<\/p>\n","protected":false},"author":1,"featured_media":64,"parent":0,"menu_order":0,"comment_status":"closed","ping_status":"closed","template":"","meta":{"footnotes":""},"class_list":["post-180","page","type-page","status-publish","has-post-thumbnail","hentry"],"_links":{"self":[{"href":"https:\/\/flexitub.com.ar\/index.php\/wp-json\/wp\/v2\/pages\/180","targetHints":{"allow":["GET"]}}],"collection":[{"href":"https:\/\/flexitub.com.ar\/index.php\/wp-json\/wp\/v2\/pages"}],"about":[{"href":"https:\/\/flexitub.com.ar\/index.php\/wp-json\/wp\/v2\/types\/page"}],"author":[{"embeddable":true,"href":"https:\/\/flexitub.com.ar\/index.php\/wp-json\/wp\/v2\/users\/1"}],"replies":[{"embeddable":true,"href":"https:\/\/flexitub.com.ar\/index.php\/wp-json\/wp\/v2\/comments?post=180"}],"version-history":[{"count":4,"href":"https:\/\/flexitub.com.ar\/index.php\/wp-json\/wp\/v2\/pages\/180\/revisions"}],"predecessor-version":[{"id":187,"href":"https:\/\/flexitub.com.ar\/index.php\/wp-json\/wp\/v2\/pages\/180\/revisions\/187"}],"wp:featuredmedia":[{"embeddable":true,"href":"https:\/\/flexitub.com.ar\/index.php\/wp-json\/wp\/v2\/media\/64"}],"wp:attachment":[{"href":"https:\/\/flexitub.com.ar\/index.php\/wp-json\/wp\/v2\/media?parent=180"}],"curies":[{"name":"wp","href":"https:\/\/api.w.org\/{rel}","templated":true}]}}