{"id":213,"date":"2023-06-07T14:39:34","date_gmt":"2023-06-07T17:39:34","guid":{"rendered":"https:\/\/flexitub.nextwayhost.com\/?page_id=213"},"modified":"2023-06-07T14:41:23","modified_gmt":"2023-06-07T17:41:23","slug":"cano-flexible-con-pvc","status":"publish","type":"page","link":"https:\/\/flexitub.com.ar\/index.php\/cano-flexible-con-pvc\/","title":{"rendered":"Ca\u00f1o Flexible Con PVC"},"content":{"rendered":"\t\t<div data-elementor-type=\"wp-page\" data-elementor-id=\"213\" class=\"elementor elementor-213\" data-elementor-post-type=\"page\">\n\t\t\t\t\t\t<section class=\"elementor-section elementor-top-section elementor-element elementor-element-a9baaa9 elementor-section-boxed elementor-section-height-default elementor-section-height-default\" data-id=\"a9baaa9\" data-element_type=\"section\" data-e-type=\"section\">\n\t\t\t\t\t\t<div class=\"elementor-container elementor-column-gap-default\">\n\t\t\t\t\t<div class=\"elementor-column elementor-col-50 elementor-top-column elementor-element elementor-element-283ba73\" data-id=\"283ba73\" data-element_type=\"column\" data-e-type=\"column\">\n\t\t\t<div class=\"elementor-widget-wrap elementor-element-populated\">\n\t\t\t\t\t\t<div class=\"elementor-element elementor-element-ccf8f69 elementor-widget elementor-widget-heading\" data-id=\"ccf8f69\" data-element_type=\"widget\" data-e-type=\"widget\" data-widget_type=\"heading.default\">\n\t\t\t\t<div class=\"elementor-widget-container\">\n\t\t\t\t\t<h2 class=\"elementor-heading-title elementor-size-default\">Ca\u00f1o met\u00e1lico flexible con pvc gris<\/h2>\t\t\t\t<\/div>\n\t\t\t\t<\/div>\n\t\t\t\t<div class=\"elementor-element elementor-element-c4b40c4 elementor-widget elementor-widget-text-editor\" data-id=\"c4b40c4\" data-element_type=\"widget\" data-e-type=\"widget\" data-widget_type=\"text-editor.default\">\n\t\t\t\t<div class=\"elementor-widget-container\">\n\t\t\t\t\t\t\t\t\t<p>Construido por un fleje de acero galvanizado recubierto por una gruesa capa de pvc gris ignifuga y con protecci\u00f3n uv.\u00a0<strong>Bajo norma IRAM: 62386-1; IRAM 628386-23<\/strong><br \/>El ca\u00f1o Flexitub conduit, al ser estanco y de gran resistencia mec\u00e1nica, puede utilizarse a la intemperie, en ambientes corrosivos y de exigencia mec\u00e1nica por movimiento y tracci\u00f3n, tableros el\u00e9ctricos, brazos rob\u00f3ticos, grupos electr\u00f3genos y toda instalaci\u00f3n el\u00e9ctrica .<\/p>\t\t\t\t\t\t\t\t<\/div>\n\t\t\t\t<\/div>\n\t\t\t\t<div class=\"elementor-element elementor-element-24b0985 elementor-widget elementor-widget-html\" data-id=\"24b0985\" data-element_type=\"widget\" data-e-type=\"widget\" data-widget_type=\"html.default\">\n\t\t\t\t<div class=\"elementor-widget-container\">\n\t\t\t\t\t<table class=\"uk-table uk-table-striped uk-table-condensed uk-table-hover\">\r\n                    <thead>\r\n                        <tr>\r\n                            <th>Di\u00e1metro int.&nbsp;<br>\r\n                            en pulgadas<\/th>\r\n                            <th colspan=\"2\">Di\u00e1metro<br>\r\n                            Interno<\/th>\r\n                          <th colspan=\"2\">Di\u00e1metro<br>\r\n                          Externo<\/th>\r\n                          <th>Radio de Curvatura<\/th>\r\n                          <th>Envase x Mts.<\/th>\r\n                      <\/tr>\r\n                    <\/thead>\r\n                    <tbody>\r\n                        <tr>\r\n                          <td>&nbsp;<\/td>\r\n                          <td>Min<\/td>\r\n                          <td>Max<\/td>\r\n                          <td>Min<\/td>\r\n                          <td>Max<\/td>\r\n                          <td>&nbsp;<\/td>\r\n                          <td>&nbsp;<\/td>\r\n                        <\/tr>\r\n                        <tr>\r\n                          <td>3\/8 <\/td>\r\n                          <td>12.3<\/td>\r\n                          <td>12.8<\/td>\r\n                          <td>17.5<\/td>\r\n                          <td>18<\/td>\r\n                          <td>50<\/td>\r\n                          <td>25<\/td>\r\n                        <\/tr>\r\n                        <tr>\r\n                          <td>1\/2 <\/td>\r\n                          <td>15.8<\/td>\r\n                          <td>16.3<\/td>\r\n                          <td>20.8<\/td>\r\n                          <td>21.3<\/td>\r\n                          <td>65<\/td>\r\n                          <td>25<\/td>\r\n                        <\/tr>\r\n                        <tr>\r\n                          <td>3\/4 <\/td>\r\n                          <td>20.7<\/td>\r\n                          <td>21.2<\/td>\r\n                          <td>26.2<\/td>\r\n                          <td>26.7<\/td>\r\n                          <td>75<\/td>\r\n                          <td>25<\/td>\r\n                        <\/tr>\r\n                        <tr>\r\n                          <td>1 <\/td>\r\n                          <td>26.4<\/td>\r\n                          <td>26.8<\/td>\r\n                          <td>32.7<\/td>\r\n                          <td>33.4<\/td>\r\n                          <td>100<\/td>\r\n                          <td>25<\/td>\r\n                        <\/tr>\r\n                        <tr>\r\n                          <td>1\u00bc <\/td>\r\n                          <td>35.5<\/td>\r\n                          <td>35.4<\/td>\r\n                          <td>41.4<\/td>\r\n                          <td>42.2<\/td>\r\n                          <td>120<\/td>\r\n                          <td>25<\/td>\r\n                        <\/tr>\r\n                        <tr>\r\n                          <td>1\u00bd <\/td>\r\n                          <td>40.1<\/td>\r\n                          <td>40.6<\/td>\r\n                          <td>47.4<\/td>\r\n                          <td>48.3<\/td>\r\n                          <td>140<\/td>\r\n                          <td>25<\/td>\r\n                        <\/tr>\r\n                        <tr>\r\n                          <td>2 <\/td>\r\n                          <td>51.3<\/td>\r\n                          <td>51.9<\/td>\r\n                          <td>59.4<\/td>\r\n                          <td>60.3<\/td>\r\n                          <td>180<\/td>\r\n                          <td>25<\/td>\r\n                        <\/tr>\r\n                        <tr>\r\n                          <td>2\u00bd <\/td>\r\n                          <td>63<\/td>\r\n                          <td>63.6<\/td>\r\n                          <td>72.1<\/td>\r\n                          <td>73<\/td>\r\n                          <td>240<\/td>\r\n                          <td>10<\/td>\r\n                        <\/tr>\r\n                        <tr>\r\n                          <td>3 <\/td>\r\n                          <td>78<\/td>\r\n                          <td>78.7<\/td>\r\n                          <td>87.9<\/td>\r\n                          <td>88.9<\/td>\r\n                          <td>300<\/td>\r\n                          <td>10<\/td>\r\n                        <\/tr>\r\n                    <\/tbody>\r\n<\/table>\t\t\t\t<\/div>\n\t\t\t\t<\/div>\n\t\t\t\t\t<\/div>\n\t\t<\/div>\n\t\t\t\t<div class=\"elementor-column elementor-col-50 elementor-top-column elementor-element elementor-element-b6c5baa\" data-id=\"b6c5baa\" data-element_type=\"column\" data-e-type=\"column\">\n\t\t\t<div class=\"elementor-widget-wrap elementor-element-populated\">\n\t\t\t\t\t\t<div class=\"elementor-element elementor-element-b3711c4 e-transform elementor-widget elementor-widget-image\" data-id=\"b3711c4\" data-element_type=\"widget\" data-e-type=\"widget\" data-settings=\"{&quot;_animation&quot;:&quot;none&quot;,&quot;_transform_rotateZ_effect_hover&quot;:{&quot;unit&quot;:&quot;px&quot;,&quot;size&quot;:&quot;&quot;,&quot;sizes&quot;:[]},&quot;_transform_rotateZ_effect_hover_tablet&quot;:{&quot;unit&quot;:&quot;deg&quot;,&quot;size&quot;:&quot;&quot;,&quot;sizes&quot;:[]},&quot;_transform_rotateZ_effect_hover_mobile&quot;:{&quot;unit&quot;:&quot;deg&quot;,&quot;size&quot;:&quot;&quot;,&quot;sizes&quot;:[]}}\" data-widget_type=\"image.default\">\n\t\t\t\t<div class=\"elementor-widget-container\">\n\t\t\t\t\t\t\t\t\t\t\t\t\t\t\t<img fetchpriority=\"high\" decoding=\"async\" width=\"300\" height=\"225\" src=\"https:\/\/flexitub.com.ar\n\/wp-content\/uploads\/2023\/06\/pvc-300x225.jpg\" class=\"attachment-medium size-medium wp-image-215\" alt=\"\" srcset=\"https:\/\/flexitub.com.ar\n\/wp-content\/uploads\/2023\/06\/pvc-300x225.jpg 300w, https:\/\/flexitub.com.ar\n\/wp-content\/uploads\/2023\/06\/pvc-768x576.jpg 768w, https:\/\/flexitub.com.ar\n\/wp-content\/uploads\/2023\/06\/pvc.jpg 800w\" sizes=\"(max-width: 300px) 100vw, 300px\" \/>\t\t\t\t\t\t\t\t\t\t\t\t\t\t\t<\/div>\n\t\t\t\t<\/div>\n\t\t\t\t<div class=\"elementor-element elementor-element-62cb28c elementor-widget elementor-widget-image\" data-id=\"62cb28c\" data-element_type=\"widget\" data-e-type=\"widget\" data-widget_type=\"image.default\">\n\t\t\t\t<div class=\"elementor-widget-container\">\n\t\t\t\t\t\t\t\t\t\t\t\t\t\t\t<img decoding=\"async\" width=\"300\" height=\"225\" src=\"https:\/\/flexitub.com.ar\n\/wp-content\/uploads\/2023\/06\/pvc1-300x225.jpg\" class=\"attachment-medium size-medium wp-image-216\" alt=\"\" srcset=\"https:\/\/flexitub.com.ar\n\/wp-content\/uploads\/2023\/06\/pvc1-300x225.jpg 300w, https:\/\/flexitub.com.ar\n\/wp-content\/uploads\/2023\/06\/pvc1-768x576.jpg 768w, https:\/\/flexitub.com.ar\n\/wp-content\/uploads\/2023\/06\/pvc1.jpg 800w\" sizes=\"(max-width: 300px) 100vw, 300px\" \/>\t\t\t\t\t\t\t\t\t\t\t\t\t\t\t<\/div>\n\t\t\t\t<\/div>\n\t\t\t\t<div class=\"elementor-element elementor-element-dfa623b elementor-widget elementor-widget-image\" data-id=\"dfa623b\" data-element_type=\"widget\" data-e-type=\"widget\" data-widget_type=\"image.default\">\n\t\t\t\t<div class=\"elementor-widget-container\">\n\t\t\t\t\t\t\t\t\t\t\t\t\t\t\t<img decoding=\"async\" width=\"300\" height=\"225\" src=\"https:\/\/flexitub.com.ar\n\/wp-content\/uploads\/2023\/06\/logos-300x225.jpg\" class=\"attachment-medium size-medium wp-image-118\" alt=\"\" srcset=\"https:\/\/flexitub.com.ar\n\/wp-content\/uploads\/2023\/06\/logos-300x225.jpg 300w, https:\/\/flexitub.com.ar\n\/wp-content\/uploads\/2023\/06\/logos-768x576.jpg 768w, https:\/\/flexitub.com.ar\n\/wp-content\/uploads\/2023\/06\/logos.jpg 800w\" sizes=\"(max-width: 300px) 100vw, 300px\" \/>\t\t\t\t\t\t\t\t\t\t\t\t\t\t\t<\/div>\n\t\t\t\t<\/div>\n\t\t\t\t\t<\/div>\n\t\t<\/div>\n\t\t\t\t\t<\/div>\n\t\t<\/section>\n\t\t\t\t<\/div>\n\t\t","protected":false},"excerpt":{"rendered":"<p>Ca\u00f1o met\u00e1lico flexible con pvc gris Construido por un fleje de acero galvanizado recubierto por una gruesa capa de pvc gris ignifuga y con protecci\u00f3n uv.\u00a0Bajo norma IRAM: 62386-1; IRAM 628386-23El ca\u00f1o Flexitub conduit, al ser estanco y de gran resistencia mec\u00e1nica, puede utilizarse a la intemperie, en ambientes corrosivos y de exigencia mec\u00e1nica por [&hellip;]<\/p>\n","protected":false},"author":1,"featured_media":68,"parent":0,"menu_order":0,"comment_status":"closed","ping_status":"closed","template":"","meta":{"footnotes":""},"class_list":["post-213","page","type-page","status-publish","has-post-thumbnail","hentry"],"_links":{"self":[{"href":"https:\/\/flexitub.com.ar\/index.php\/wp-json\/wp\/v2\/pages\/213","targetHints":{"allow":["GET"]}}],"collection":[{"href":"https:\/\/flexitub.com.ar\/index.php\/wp-json\/wp\/v2\/pages"}],"about":[{"href":"https:\/\/flexitub.com.ar\/index.php\/wp-json\/wp\/v2\/types\/page"}],"author":[{"embeddable":true,"href":"https:\/\/flexitub.com.ar\/index.php\/wp-json\/wp\/v2\/users\/1"}],"replies":[{"embeddable":true,"href":"https:\/\/flexitub.com.ar\/index.php\/wp-json\/wp\/v2\/comments?post=213"}],"version-history":[{"count":4,"href":"https:\/\/flexitub.com.ar\/index.php\/wp-json\/wp\/v2\/pages\/213\/revisions"}],"predecessor-version":[{"id":219,"href":"https:\/\/flexitub.com.ar\/index.php\/wp-json\/wp\/v2\/pages\/213\/revisions\/219"}],"wp:featuredmedia":[{"embeddable":true,"href":"https:\/\/flexitub.com.ar\/index.php\/wp-json\/wp\/v2\/media\/68"}],"wp:attachment":[{"href":"https:\/\/flexitub.com.ar\/index.php\/wp-json\/wp\/v2\/media?parent=213"}],"curies":[{"name":"wp","href":"https:\/\/api.w.org\/{rel}","templated":true}]}}